ts digit of j?
2
Suppose -9*w + 5 = -4*w. What is the units digit of w?
1
Suppose i = 2*n - i, -i = -5*n + 16. Suppose -r - 4*r + 178 = -3*h, 0 = -h + n. What is the tens digit of r?
3
Let h be 1*(-1)/((-1)/207). What is the units digit of h/(-6)*2/(-3)?
3
Let d = 121 + -80. What is the tens digit of d?
4
Suppose 5*c + 0*c + 195 = 0. Let m be 6/9 - c/9. Suppose 4*p - 37 = -4*u - p, m*p = -5*u + 40. What is the units digit of u?
3
Let p(j) = j**2 + j + 4. Let r be p(6). Let c = -30 + r. What is the tens digit of c?
1
Let m(v) = -v**2 - 4*v + 1. Let t be m(-3). Suppose -t*l = -4*j + j - 71, -l - 61 = 3*j. What is the units digit of 6/j - 44/(-7)?
6
Suppose 0 = -2*y + 5*y - 3. What is the units digit of y?
1
Let l be (1/(-3))/(7/(-357)). Suppose o = l + 10. What is the tens digit of o?
2
Let i = 1 - 7. Let q(c) = c**2 + 6*c + 3. Let p be q(i). Suppose -5*s + p*l + 14 + 27 = 0, -4*s + 4*l = -36. What is the units digit of s?
7
Let d(s) = 30*s. Let v be d(-1). What is the tens digit of (66/(-8))/(v/80)?
2
Let u(d) be the second derivative of -d**4/12 + 3*d**3/2 - 3*d**2 - d. Suppose -4*o - 8 = 0, 4*o - 2*o = -q + 4. What is the units digit of u(q)?
2
Let c(r) = -11 + 2*r - 7*r + 2*r. What is the units digit of c(-10)?
9
Let n be 3*1 + (0 - 6). Let y(a) = a**3 + 6*a**2 + 11*a. Let x(q) = -q**3 - 5*q**2 - 12*q + 1. Let v(o) = n*y(o) - 2*x(o). What is the tens digit of v(-7)?
1
Let f be -9*(-6)/(-3)*1. Let k be f/(-8) + 8/(-32). Suppose 0 = -t - t + k. What is the units digit of t?
1
Let p(x) = 15*x - 47. What is the hundreds digit of p(23)?
2
Let f(l) = -4*l - 5. What is the tens digit of f(-14)?
5
Suppose -2*k - 3*k = -2*h - 9, -3*k + 4 = -h. What is the tens digit of 7/h + 8*2?
1
Let s be (10/15)/(4/6). Suppose -r + s + 7 = 0. What is the units digit of r?
8
Suppose 0*i = -2*i. Suppose i = -2*g + 4*v - v + 20, -4*g + 28 = -3*v. What is the units digit of (1 - -1)*g + -2?
6
Let x(f) = -f**2 + 9. Let d be x(0). Suppose -2*t - 3 + d = 0. Suppose -t*i - 4*m = -39, 2*i - 2*m - 9 = m. What is the units digit of i?
9
Let j(s) = s**3 + 6*s**2 + s - 2. What is the units digit of j(-4)?
6
Let a(g) = -11*g. Let f(s) = 98*s. Let v(i) = 28*a(i) + 3*f(i). Let n = 2 + -3. What is the units digit of v(n)?
4
Suppose -5 - 4 = -3*f. Suppose f*i = 80 - 5. What is the tens digit of i?
2
Let x be 20/(-2)*(-4)/10. Suppose -2*q - 8 = -x*q. Suppose -3 = -q*r + 3*r. What is the units digit of r?
3
Let o = 7 + -5. Suppose -r + o*r = 1. What is the units digit of r?
1
Let m = 161 - 93. What is the units digit of m?
8
Let j(m) be the first derivative of m**4/3 + m**3/3 + m**2/2 + 3*m + 4. Let s(h) be the first derivative of j(h). What is the units digit of s(-2)?
3
Let h = 0 + 35. What is the tens digit of h?
3
Let t be (-162)/(-4) - 1/2. Suppose 5*v = 5*o + 2*v - t, -2*o - 10 = 4*v. What is the units digit of o?
5
Let a be ((-3)/(-2))/(6/88). Suppose 0 = -4*w + 2 + 6. Suppose 10 + a = w*m. What is the tens digit of m?
1
Suppose 4*m = -5*s + 93 + 165, -5*m = -5*s - 345. What is the units digit of m?
7
Suppose 5*z - 384 - 511 = 0. What is the tens digit of z?
7
Let h = 3 + -5. Let n be -6 - h/((-6)/9). What is the units digit of -24*1*3/n?
8
Suppose 0 = 5*p - p - 5*u + 49, -4*u + 37 = -3*p. Let m = p + 22. What is the units digit of m?
1
Let j(n) = n**3 + 4*n**2 - n - 1. Let o be j(-4). Let b = 16 - o. What is the units digit of b?
3
Let b(x) = -2*x - 6. Let d be b(-5). Suppose 5*k = -5*v + 20, d*v + k = 6*k - 2. Suppose 3 = -2*w + 3*l + 26, -5*w + 86 = v*l. What is the units digit of w?
6
Suppose -2*v + 39 = v. What is the units digit of v?
3
Let x(n) be the third derivative of -4*n**2 + 0 - n**3 + 0*n + 1/6*n**4. What is the tens digit of x(5)?
1
Let r(y) = 202*y**2 + 2*y + 2. What is the hundreds digit of r(-1)?
2
Let v be (-4)/3*3/(-2). Suppose v*h - 3*h = -78. Suppose -q - 11 = -2*c + 31, -4*c - q = -h. What is the units digit of c?
0
What is the tens digit of (-6 - 2)*(-34)/8?
3
Let k(f) = f**2 - 8*f - 8. Let h = 23 + -11. Let v = h - 2. What is the units digit of k(v)?
2
Let m(r) be the third derivative of -r**6/120 + r**5/20 + r**4/12 + r**3/6 - 13*r**2. Let h be 2/(-8) - 13/(-4). What is the units digit of m(h)?
7
Let y = 3 - 1. Suppose 0 = p + 3*v - 3 - 4, 0 = 2*p + y*v - 14. Suppose -w = -2*w + p. What is the units digit of w?
7
Suppose -5*x = -0*x - 145. What is the tens digit of x?
2
Suppose 0 = 3*u + 1 - 4, -u = -4*l - 21. Let w = l + 13. What is the units digit of w?
8
Suppose 4*n + 5*j = 5*n - 3, -2*n - 3*j + 6 = 0. Suppose -2*p + 15 = -o + 3*p, -2*o + n*p = 2. What is the units digit of (o/4)/((-2)/(-8))?
5
Suppose -31*d = -28*d - 216. What is the tens digit of d?
7
Let z = 69 + -47. What is the units digit of z?
2
Suppose -o - 2*o = 0. Let d = 3 - 1. What is the units digit of (2 - o) + d + -2?
2
Let s(z) = 10*z - 8. What is the units digit of s(9)?
2
Suppose 4*n + 2*j = -4 - 0, 2*n - j = -6. Let p = n - -2. Let v = 2 - p. What is the units digit of v?
2
Let f(y) = -3*y**3 - y**2 - y - 1. Let s be f(-2). Let q(i) = i**3 + 5*i**2 - 3*i + 7. Let t be q(-6). Let w = s + t. What is the units digit of w?
0
Let k(m) = 4*m**2 + 7*m + 1. Let g be k(-7). Suppose -v = -5*v + g. What is the tens digit of v?
3
Suppose z + 2*z = a + 3, 0 = -z - 2*a - 6. Let v = -11 + 21. Suppose -2*g + 0*s - 2*s + 12 = 0, z = 5*s - v. What is the units digit of g?
4
Let l(z) = -72*z - 8. What is the tens digit of l(-5)?
5
Suppose -p + 3*p + 2*u - 8 = 0, -4 = p - 3*u. Suppose -y + 10*d = 5*d - 48, -p*y + 81 = -5*d. What is the units digit of y?
3
Let g be (-3)/((-21)/6 + 2). Suppose -g*r - 5 = -7*r. What is the tens digit of 2 - (-6 - (r + 1))?
1
Let z be ((-3)/2)/(2/(-4)). Suppose -2*g - 3*l = -6, g + z*l = -l - 2. What is the units digit of g?
6
Let d = -13 + 4. What is the units digit of 6/d*(-3)/2?
1
What is the tens digit of (-3 - -4)/(3 - 4)*-33?
3
Suppose -5*u - 4*h + 30 = 0, u - 35 = -4*u - 5*h. Suppose 3*a - 48 = 3*n, n - u = -1. What is the tens digit of a?
1
Let q = -9 + 13. Suppose -3*j = -20 - q. What is the units digit of j?
8
Let f = -4 + 17. What is the tens digit of f?
1
Suppose -8*r + 714 + 70 = 0. What is the units digit of r?
8
Suppose -5*v - i + 365 = 0, 0 = -5*i - 4 - 21. What is the units digit of v?
4
Let q(t) = -t + 11. Let n(z) = -8*z**2 - z - 1. Let u be n(-1). What is the units digit of q(u)?
9
Let u = 212 - -82. What is the tens digit of u?
9
Let c(y) = 15*y + 6. What is the units digit of c(2)?
6
Suppose 3*r - r + 5*q = 9, 18 = 2*r - 4*q. Let n(g) = -g - 2. Let k be n(-3). Let w = k + r. What is the units digit of w?
8
Let f(t) = t**3 + 6*t**2 + 7*t + 7. Let k be f(-5). What is the units digit of 1 + (k - -5) + 4?
7
What is the units digit of -3 + (-7)/(7/(-9))?
6
Let c(o) be the third derivative of o**5/20 + o**4/8 - 4*o**2. What is the units digit of c(-2)?
6
Suppose 627 + 13 = 5*a. Let z be (-2)/(-6) + a/12. Suppose -4*o + 57 = -z. What is the units digit of o?
7
Let n be ((-9)/9)/((-1)/139). Suppose -49 = 5*w - n. What is the units digit of w?
8
Let a be (3 + (-45)/6)*2. Let g = 11 + a. What is the units digit of g?
2
Let h(g) = g**2 - 5*g + 6. Let u be h(5). Let q(v) be the third derivative of v**6/120 - v**5/10 + v**4/24 + v**3/2 + 7*v**2. What is the units digit of q(u)?
9
Suppose 0 = h + 15 + 23. Let o = 53 + h. What is the units digit of o?
5
Let d be ((-20)/(-6))/((-4)/(-6)). Suppose 0 = -d*v - 57 + 217. Suppose 5*m - 46 = 2*k, m - k + v = 4*m. What is the units digit of m?
0
Let z(o) = -59*o - 1. Let x be z(-1). Suppose d - 48 = -4*r, 4*r + 5*d + 10 = x. What is the units digit of r?
2
Let r = 116 - 71. Let n = r + -7. What is the tens digit of n?
3
Suppose 4*f - 3*c + 52 = 0, -2*f - 3 = 3*c + 5. Let b(l) = -l**3 - 11*l**2 - 14*l + 3. What is the units digit of b(f)?
3
Let a = 17 + -9. Suppose a*h = 5*h + 45. What is the units digit of h?
5
Let g be -4 + 4/((-12)/9). What is the tens digit of -4*(2 + (g - 2))?
2
Let u(i) = -4*i**3 + 21*i**2 + 28*i - 12. Let c(r) = r**3 - 5*r**2 - 7*r + 3. Let g(t) = 9*c(t) + 2*u(t). What is the units digit of g(5)?
8
Let s(h) = -h**2 - h. Let g be s(-5). Let i = -1 - g. What is the units digit of i?
9
Let y(s) = 5*s + 2 + s**2 - 9 + 3 - 7. What is the tens digit of y(-8)?
1
Suppose -4*c - 23 = -5*b, -19 = -b - 4